 greatest common divisor of r and 12?
12
Let r = 16 + -11. Suppose 0 = 3*h - r*y - 170, -3*h = 3*y - 183 + 45. What is the highest common divisor of 20 and h?
10
Let f = 5 - 4. Let w be f*(3 - 1*-8). Calculate the highest common factor of w and 99.
11
Let y = -4 + 2. Let f be 2 - (3 + y + -21). What is the greatest common divisor of 11 and f?
11
Let f be 3/2*32/6. Calculate the highest common divisor of f and 72.
8
Let v(c) = 5*c - 3. Let a be v(3). Let o be a/(-15)*45/(-1). Calculate the greatest common divisor of 54 and o.
18
Let o(r) = -r + 18. Let y be o(0). Calculate the highest common factor of 45 and y.
9
Let q(m) = m**3 - 15*m**2 + 8. Let r be q(15). Calculate the highest common factor of r and 20.
4
Suppose -5*h - 264 = -2*h. Let x be ((-21)/(-14))/(6/h). Let n = x - -40. Calculate the greatest common factor of n and 12.
6
Suppose 6*z - 561 = 3*z. What is the highest common divisor of z and 17?
17
Suppose c = -5*q + 3, 0 = c - 4*c + 5*q + 29. What is the greatest common factor of c and 2?
2
Let v(n) = n**2 - 4*n + 6. Let h be v(3). Suppose h*s + 28 = 4*s + 4*r, 16 = 4*r. Calculate the greatest common factor of s and 108.
12
Let u(o) = -5*o**2 - 4*o - 3. Let f be u(-2). Let p(g) = 3*g + 14. Let b be p(-8). Let m be ((-4)/b)/((-6)/f). Calculate the highest common divisor of m and 11.
1
Suppose 17 = 4*k + 3*v, 16 = -3*k + 5*k + 4*v. Suppose 5*c + 5*j - 113 = 112, -5*j + 81 = k*c. Calculate the greatest common divisor of 6 and c.
6
Let o be ((-78)/4)/((-3)/4). Let s(r) = r**3 + 17*r**2 + 2*r + 10. Let w be s(-16). Calculate the highest common divisor of o and w.
26
Suppose 8 = -6*f + 4*f, 0 = -5*i - 2*f + 2422. Calculate the highest common factor of 54 and i.
54
Let z(f) = -f**2 + 12*f - 7. Let y be z(10). Let b(x) = -76*x + 13 - y. Let n be b(-1). Calculate the highest common divisor of 19 and n.
19
Let x(j) = 6*j**2 - j**3 + 11 + j**2 + 0 - 16*j + 10*j**2. Let y be x(16). Let w be 2/(-7) + (-849)/(-7). Calculate the greatest common divisor of y and w.
11
Let d(a) = -2*a. Let z be d(-2). Suppose -f = -2 - z. Let u be 2/f - 98/(-3). Calculate the greatest common divisor of 22 and u.
11
Let v(h) = h**2 + 2*h. Let k be v(-2). Let d = 4 - k. Calculate the highest common factor of 8 and d.
4
Let h(l) = l**2 + 2*l - 3. Let w be h(1). Let y = w - -8. What is the greatest common divisor of 64 and y?
8
Let u(m) = m**3 + 6*m**2 - 6*m + 9. Let z be u(-7). Suppose 0 = -5*k - 7 + 27. Let f = k + z. What is the highest common factor of 42 and f?
6
Let b(m) = m**2 + m + 31. Let l be b(0). Let n = 1 + l. Calculate the greatest common divisor of 8 and n.
8
Let g = -72 - -107. Calculate the highest common divisor of 350 and g.
35
Let z = -7 - -6. Let x be ((-2)/4)/(z/72). What is the highest common divisor of 54 and x?
18
Let u(j) = -23*j - 38. Let t be u(-5). Calculate the highest common factor of t and 7.
7
Let l(k) = 72*k**3 + 2*k - 1. Let o be l(1). Let v = o + -3. What is the highest common divisor of 28 and v?
14
Suppose t = -0*t + 7. Let m be t*(-3)/42*-4. Suppose 4*d - 2 = m. What is the greatest common factor of 7 and d?
1
Let p = 20 - 6. Calculate the highest common factor of p and 126.
14
Suppose -5*q + 17 - 2 = 0. Suppose -q*h + 40 = 1. Suppose 3*m - 133 = 296. What is the highest common factor of h and m?
13
Let n = -15 - 0. Let g = -7 - n. What is the greatest common factor of g and 40?
8
Let b = 1527 + -873. Suppose -5*u - 104 = -b. Let f = -38 - -48. Calculate the highest common factor of f and u.
10
Let v(k) = k**3 + 6*k**2 + 2*k. Let y be v(-6). Let x = y - 1. Let l = 26 + x. What is the highest common factor of 104 and l?
13
Let z = 6 + -4. What is the highest common factor of 2 and z?
2
Suppose 3*w + 5*n + 14 = 0, 5*n = -w - 0*w - 18. Let i = 10 + -5. What is the greatest common divisor of w and i?
1
Let x be 4/((-8)/(-14)) - -1. Let h = x - 0. What is the greatest common divisor of h and 8?
8
Suppose -52 = -5*b + 2*j, -b + 44 = 3*b - j. Suppose x + b = -2*x, 5*x - 20 = -4*v. Let s = 1 - -1. What is the highest common divisor of v and s?
2
Suppose -4*t + 85 = -0*t - 5*i, 5*i - 95 = -5*t. What is the greatest common divisor of 5 and t?
5
Let a be (-3)/(9/6 + -2). Suppose 0*m = -m + a. What is the highest common factor of m and 42?
6
Suppose -3*h + 0*h - 3*j = 0, -2*j + 6 = 5*h. Let r be 2/(-10) - 432/40. Let d = h - r. Calculate the greatest common factor of 104 and d.
13
Let d be (-4)/12 - (-43)/3. Calculate the greatest common divisor of 7 and d.
7
Let s = 3 + 0. Let b be (-3 - 3 - -3) + s. Suppose b = -q + 12 - 1. What is the highest common divisor of q and 99?
11
Let z be (-64)/(-6) - 8/12. Let o be (-7 + 2)*8/z. Let d be 15/10 - 2/o. Calculate the highest common factor of d and 8.
2
Suppose -5*v - 38 = -108. Suppose k - 108 = y - 6*y, -4*y = 4*k - 400. Calculate the greatest common factor of k and v.
14
Let r(x) = x**2 + 3*x + 3. Let z be r(-3). Suppose -z*u = -4*u + 3. Suppose w - 9 = -k + 4*k, 4*k = 16. Calculate the highest common divisor of u and w.
3
Let p be -2*((-99)/2)/9. Suppose s = 3*y + 2 + 9, 4*y = -4*s - 4. Let u be ((-44)/6)/(s/(-3)). What is the highest common factor of u and p?
11
Let k(x) = x**2 - x - 11. Let c be k(8). Calculate the highest common divisor of 9 and c.
9
Let p(d) = -d**2 + 9*d - 1. Suppose -2*v - 4 - 5 = 5*j, 5*v = -2*j + 30. Let a be p(v). What is the highest common divisor of a and 7?
7
Let v = -70 + 154. Let j(k) = -k**2 - k + 12. Let c be j(0). Calculate the highest common factor of c and v.
12
Let r(w) = -w**3 - w + 2. Let q be r(0). Let h be 1 + 23 - 4/q. Suppose 3 - h = -p. Calculate the highest common factor of 19 and p.
19
Let i be -3*2*1/(-2). Suppose -c + i = 1. Calculate the greatest common divisor of c and 16.
2
Suppose 31*r - 42 = 10*r. Calculate the greatest common factor of r and 6.
2
Let f be (-392)/(-28) + (0 + 0 - 3). Let v = -47 + 80. Calculate the greatest common factor of v and f.
11
Suppose 5*k + 4*g - 737 = 2*g, 2*k + 4*g - 298 = 0. What is the greatest common divisor of k and 21?
21
Suppose -5*y + u = -0*u - 105, -4*y + 84 = u. Calculate the greatest common factor of y and 168.
21
Let c be (1/4)/((-2)/(-136)). Calculate the highest common factor of 187 and c.
17
Let v(z) = -5*z - 4*z + 2*z + 4*z - 7. Let x be v(-6). What is the highest common divisor of 110 and x?
11
Let u = -5 - -10. Suppose -6 = -u*n + 9. Suppose -9 = -3*f - n. Calculate the highest common factor of 5 and f.
1
Let f(x) be the first derivative of -7*x**4/4 - x**2 + 1. Suppose 5*k + 6 + 4 = 0. Let r be f(k). Calculate the greatest common divisor of r and 12.
12
Suppose -3*w + 2 = -1. Suppose -2*l + 19 = w. Calculate the highest common factor of l and 81.
9
Let c = -9 + 58. Calculate the highest common factor of c and 7.
7
Suppose -7*h + 4649 - 225 = 0. Calculate the greatest common factor of 79 and h.
79
Let v be (-2 - (-1 + -17)) + 3. Let u = -97 - -173. What is the highest common divisor of v and u?
19
Let c(k) = -k + 23. Let w be c(10). Calculate the greatest common factor of 65 and w.
13
Let f = -5 + 15. Calculate the highest common factor of 20 and f.
10
Let z(c) = 2*c**2 + 17*c + 10. Let h be z(-10). Calculate the highest common divisor of 10 and h.
10
Let v(q) = -2*q + 14. Let s be v(-8). Calculate the highest common divisor of 210 and s.
30
Let f(i) = i**2 + 10*i - 1. Let w be f(-9). Let y = w - -18. What is the highest common factor of 20 and y?
4
Suppose 4*w + 216 = 5*w + 2*z, -4*w = -4*z - 888. Calculate the greatest common factor of 20 and w.
20
Let n = 25 - 12. Suppose 118 - n = 5*x. Calculate the highest common divisor of x and 168.
21
Suppose 4*u = 3*u + 153. Calculate the highest common divisor of u and 17.
17
Let c(a) = 8*a - 1. Let z be c(1). Let s(m) = 3*m - 9. Let h be s(z). What is the greatest common divisor of h and 108?
12
Let p be 45/(-4 + 4 + 1). What is the greatest common divisor of p and 18?
9
Suppose 2*b = f + 359, 6 - 1 = 5*f. What is the greatest common factor of 60 and b?
60
Let g = -1 - -21. Suppose 17 = 3*m - 13. Calculate the greatest common factor of m and g.
10
Let d(b) = -5 + 4*b**3 - 2 + b - 5*b**3 + 2*b**3 - 13*b**2. Let s be d(13). What is the greatest common factor of s and 6?
6
Let j = -12 - -56. What is the highest common factor of j and 44?
44
Let c = 25 - 2